2 + 32*w - 99. What is y(-28)?
-211
Let z(p) = 18*p - 175. Give z(14).
77
Let g(d) = 3*d**2 + 92*d - 14127. Give g(55).
8
Let l(c) = -2*c**3 + 2*c**2 + 13*c - 26. What is l(4)?
-70
Let g(f) = -203*f + 310. What is g(3)?
-299
Let c(u) = u**3 - 9*u**2 + 64*u - 545. Give c(9).
31
Let f(z) = -10*z**2 + 36*z + 17. Calculate f(7).
-221
Let v(l) = l**3 + 5*l**2 - 10*l + 8. Calculate v(-9).
-226
Let y(p) = -p**2 - 8*p - 105. Calculate y(-9).
-114
Let f(i) = -19*i - 1417. Give f(-74).
-11
Let a(m) = -m**3 + 54*m**2 - 504*m - 63. Determine a(42).
-63
Let y(v) = -8*v + 99. Calculate y(8).
35
Let s(b) = -4*b**3 + 175*b**2 - 296*b + 81. Give s(42).
-3
Let w(z) = -546*z - 6540. Calculate w(-12).
12
Let s(f) = -f**3 - 106*f**2 + 118*f + 1173. Determine s(-107).
-4
Let p(c) = c**3 + 115*c**2 + 958*c + 406. Determine p(-106).
-18
Let m(i) = -506*i + 1354. Determine m(4).
-670
Let y(s) = -2*s**2 + 82*s - 818. Determine y(29).
-122
Let i(v) = 2*v**2 + v + 13. Calculate i(10).
223
Let a(h) = 8*h**3 + 106*h**2 + 30*h + 45. Give a(-13).
-7
Let i(g) = -35*g + 2417. Calculate i(68).
37
Let w(d) = d**3 - 35*d**2 + 252*d + 547. Calculate w(23).
-5
Let p(t) = 9*t**2 - 47*t + 49. What is p(2)?
-9
Let l(u) = -38*u - 235. Calculate l(-3).
-121
Let b(k) = k**2 - 91*k + 1608. Give b(67).
0
Let q(a) = -5*a**3 - 32*a**2 + 41*a + 279. Calculate q(-6).
-39
Let s(x) = -x**2 - 172*x - 981. What is s(-166)?
15
Let l(x) = -2*x**2 + 44*x + 150. Give l(-3).
0
Let g(o) = -486*o**2 + 977*o - 14. Calculate g(2).
-4
Let j(g) = 9*g + 208. Determine j(-24).
-8
Let k(w) = 9*w**2 - 657*w - 48. What is k(73)?
-48
Let r(b) = b**2 - 29*b + 35. Determine r(0).
35
Let b(w) = -89*w**2 - 14*w - 10. Give b(-2).
-338
Let w(g) = -15*g + 508. Give w(35).
-17
Let o(d) = -d**2 - 23*d + 155. Give o(-25).
105
Let x(a) = 31*a + 729. Calculate x(-23).
16
Let k(n) = 120*n + 587. Determine k(-4).
107
Let j(l) = -l**2 + 514*l - 16329. Calculate j(34).
-9
Let n(c) = -62*c + 1767. Calculate n(28).
31
Let x(c) = 697*c - 27. Calculate x(0).
-27
Let l(u) = 2*u**2 + 5*u - 26. Give l(3).
7
Let x(l) = l**2 - 20*l - 3149. Calculate x(-47).
0
Let h(u) = -14*u - 63. Calculate h(-8).
49
Let m(q) = -q**2 + 57*q + 4743. What is m(-46)?
5
Let k(w) = -w**3 - 6*w**2 + 6*w - 26. What is k(-5)?
-81
Let w(o) = -5*o**3 + 16*o**2 + 15*o + 4. Determine w(-3).
238
Let y(b) = -14*b**2 + 8*b + 41. Calculate y(-4).
-215
Let s(x) = x**2 + 425*x + 1680. Calculate s(-4).
-4
Let g(f) = f**3 + 26*f**2 + 49*f - 108. What is g(-24)?
-132
Let o(u) = 241*u + 1940. Give o(-8).
12
Let k(n) = n**2 + 117*n + 3091. Give k(-76).
-25
Let k(s) = 376*s + 6707. Determine k(-18).
-61
Let k(q) = -8*q**2 - 69*q - 133. Calculate k(-3).
2
Let f(z) = 2*z**2 + 78*z + 248. Determine f(-36).
32
Let q(k) = -k**2 - 91*k + 1178. Give q(11).
56
Let j(k) = 3034*k - 48541. Give j(16).
3
Let t(w) = w**3 + 16*w**2 + 26*w - 51. Calculate t(-14).
-23
Let y(s) = s**2 + 42*s + 239. Calculate y(-7).
-6
Let c(o) = 3*o**3 + 29*o**2 - 17*o + 13. What is c(-10)?
83
Let y(b) = 3*b**2 + 38*b - 37. Determine y(1).
4
Let k(c) = 3*c**3 + 191*c**2 - 213*c - 9537. What is k(-64)?
-1
Let d(r) = -6*r**3 + 295*r**2 - 75*r + 1276. Give d(49).
2
Let r(m) = -11*m**2 - 40*m + 157. Give r(3).
-62
Let r(p) = -3*p**2 + 136*p + 119. Give r(46).
27
Let p(a) = -18*a**2 - 264*a + 63. Determine p(-14).
231
Let o(b) = -42*b**2 + 14*b + 101. What is o(-4)?
-627
Let h(k) = -4*k**2 + 221*k + 150. What is h(56)?
-18
Let b(u) = 2*u**3 + 5*u**2 + 16*u + 24. Give b(-5).
-181
Let n(g) = g**3 - 175*g**2 + 162*g + 2087. What is n(174)?
-1
Let s(v) = 23*v - 204. Give s(18).
210
Let z(l) = -2*l**3 + 142*l**2 + l - 65. Calculate z(71).
6
Let b(l) = l**3 + 50*l**2 - 89*l + 831. Determine b(-52).
51
Let n(s) = 8*s - 23. Calculate n(6).
25
Let g(z) = -z**3 - 44*z**2 - 48*z - 17. Calculate g(-43).
198
Let c(m) = 6*m**3 - 31*m**2 - 5*m + 7. Give c(5).
-43
Let x(h) = h**3 + 8*h**2 - 12*h - 80. What is x(-4)?
32
Let q(o) = -4*o - 53. Calculate q(-41).
111
Let v(g) = -20*g**2 - 2*g - 6. Calculate v(-1).
-24
Let z(i) = -i**3 + 34*i + 8. Calculate z(7).
-97
Let r(i) = 10*i + 84. Give r(-7).
14
Let k(g) = 2*g**2 + 6*g - 17. What is k(-5)?
3
Let v(y) = -y**3 + 65*y**2 + 1691*y + 777. What is v(85)?
12
Let k(g) = -g**3 - 4*g**2 + 866*g - 2570. Give k(3).
-35
Let p(c) = 375*c - 1517. Give p(4).
-17
Let i(s) = 3*s + 172. Calculate i(-6).
154
Let d(t) = -t**3 + 45*t**2 + 200*t - 194. Determine d(49).
2
Let p(a) = -17*a**2 + 8. What is p(-5)?
-417
Let d(v) = -58*v + 712. Determine d(12).
16
Let k(d) = -d**3 - 6*d**2 + 110*d + 22. Determine k(-14).
50
Let i(y) = -337*y - 15167. Calculate i(-45).
-2
Let l(t) = -4*t**3 - 5*t**2 + 4*t - 47. Give l(0).
-47
Let z(q) = q**2 - 5*q - 11. What is z(6)?
-5
Let n(p) = -122*p - 11. Calculate n(-1).
111
Let o(q) = 4*q**2 - 150*q - 151. Determine o(-1).
3
Let o(s) = -2*s**2 + 39*s + 505. What is o(28)?
29
Let q(g) = 7*g - 295. Give q(47).
34
Let k(r) = -3*r**2 + 78*r - 651. Determine k(13).
-144
Let d(u) = -5599*u - 33467. Give d(-6).
127
Let g(v) = 2*v**3 + 21*v**2 + 7*v - 43. What is g(-11)?
-241
Let d(p) = 1106*p + 55. Determine d(0).
55
Let r(p) = 92*p + 3979. Determine r(-43).
23
Let x(t) = 42*t - 71. Determine x(-5).
-281
Let y(r) = r**3 - 13*r**2 - 104*r - 199. Determine y(19).
-9
Let x(u) = -u**3 + 9*u**2 - 12*u + 45. Give x(8).
13
Let q(s) = 37*s - 71. What is q(11)?
336
Let b(k) = -99*k + 483. Give b(5).
-12
Let g(v) = -156*v + 2186. Give g(14).
2
Let p(c) = c**3 - 70*c**2 + 1217*c - 37. What is p(38)?
1
Let v(y) = 1267*y - 68424. Determine v(54).
-6
Let l(v) = 5*v - 130. Determine l(37).
55
Let j(n) = -2*n**3 + 3*n**2 - 41*n - 43. Give j(-1).
3
Let q(l) = 18*l**2 + 3*l + 21. What is q(-2)?
87
Let m(h) = 38*h - 1071. Give m(30).
69
Let z(r) = r**3 + 34*r**2 + 235*r + 232. Give z(-25).
-18
Let q(j) = -2*j**2 - 277*j + 9514. Determine q(-167).
-5
Let z(c) = -6*c**2 - 62*c - 7. Calculate z(-10).
13
Let y(c) = 2*c**3 - 197*c**2 - 100*c + 110. Calculate y(99).
11
Let d(r) = r**3 + 19*r**2 - 35*r - 257. Calculate d(-20).
43
Let w(l) = 164*l - 1397. Give w(7).
-249
Let n(o) = -2*o**3 - 36*o**2 - 59*o + 69. Give n(-16).
-11
Let p(w) = -8*w - 127. What is p(-16)?
1
Let d(l) = -4*l**3 - l**2 - 8*l + 4. What is d(3)?
-137
Let o(f) = -725*f + 787. Determine o(1).
62
Let u(a) = a**3 + 18*a**2 + 9*a + 167. Calculate u(-18).
5
Let c(z) = -324*z + 405. Calculate c(2).
-243
Let b(z) = -2*z**3 + z**2 + 535*z + 2. Determine b(0).
2
Let r(o) = -62*o - 1126. Calculate r(-19).
52
Let u(t) = 73*t**2 + 1399*t + 225. Give u(-19).
-3
Let h(i) = 2*i**2 - 433*i + 19241. What is h(154)?
-9
Let b(m) = -20*m + 140. What is b(7)?
0
Let x(a) = 26*a**2 + 14*a + 15. What is x(-1)?
27
Let m(r) = 5*r**2 - 40*r - 197. Give m(12).
43
Let a(y) = -y**3 - 46*y**2 + 203*y + 3. Calculate a(4).
15
Let n(x) = -46*x + 3693. Determine n(80).
13
Let x(q) = 32*q + 2579. Calculate x(-80).
19
Let r(z) = z**3 - 22*z**2 - 2*z + 45. Calculate r(22).
1
Let z(x) = -2*x**3 - 14*x**2 - 22*x + 3. What is z(-5)?
13
Let o(t) = 12*t - 65. Calculate o(14).
103
Let f(u) = -2*u**2 + 1003*u + 7123. Determine f(-7).
4
Let j(n) = 10*n + 489. Give j(-60).
-111
Let a(x) = -x**2 - 12*x + 43. Calculate a(3).
-2
Let t(z) = -2*z**3 - 57*z**2 + 30*z + 36. Calculate t(-29).
7
Let u(g) = 23*g**2 + 164*g - 339. Calculate u(2).
81
Let y(o) = o**2 - 2*o - 317. What is y(-16)?
-29
Let t(x) = 104*x + 183. Calculate t(-6).
-441
Let p(f) = -1585*f - 4746. What is p(-3)?
9
Let z(i) = 359*i + 8274. Give z(-23).
17
Let o(z) = -z**2 + 42*z - 337. Calculate o(32).
-17
Let f(d) = 187*d - 5995. Give f(32).
-11
Let a(l) = l**3 + 3*l**2 + 18*l + 325. Calculate a(-7).
3
Let a(w) = -6876*w - 6883. Determine a(-1).
-7
Let a(f) = 3*f**2 - 66*f + 288. Determine a(16).
0
Let s(h) = -40*h - 110. Give s(-4).
50
Let f(g) = 3*g**2 + 216*g - 8025. What is f(-99)?
-6
Let q(b) = -b**3 + 152*b**2 + 8143*b - 211. Calculate q(-42).
-1
Let l(k) = k**2 + 39*k - 320. Calculate l(-46).
2
Let w(j) = -2*j**2 + 54*j + 63. Calculate w(20).
343
Let x(c) = 635*c + 34274. What is x(-54)?
-16
Let c(d) = 1711*d - 13697. Give c(8).
-9
Let v(q) = 240*q + 120. Calculate v(0).
120
Let t(x) = 3*x**2 + 40*x - 478. Calculate t(-21).
5
Let i(d) = -4*d - 10. Give i(-3).
2
Let y(a) = -17*a + 62. What is y(4)?
-6
Le